{"id":712,"date":"2024-05-20T15:44:42","date_gmt":"2024-05-20T13:44:42","guid":{"rendered":"https:\/\/www.arrancy.fr\/?page_id=712"},"modified":"2024-07-30T13:58:19","modified_gmt":"2024-07-30T11:58:19","slug":"rene-de-la-tour-du-pin","status":"publish","type":"page","link":"https:\/\/www.arrancy.fr\/?page_id=712","title":{"rendered":"REN\u00c9 DE LA TOUR DU PIN"},"content":{"rendered":"<div class=\"wp-block-image\">\n<figure class=\"aligncenter size-full is-resized\"><img fetchpriority=\"high\" decoding=\"async\" width=\"610\" height=\"800\" src=\"http:\/\/www.arrancy.fr\/wp-content\/uploads\/2024\/07\/24770284.jpg\" alt=\"\" class=\"wp-image-815\" style=\"width:333px;height:auto\" srcset=\"https:\/\/www.arrancy.fr\/wp-content\/uploads\/2024\/07\/24770284.jpg 610w, https:\/\/www.arrancy.fr\/wp-content\/uploads\/2024\/07\/24770284-229x300.jpg 229w\" sizes=\"(max-width: 610px) 100vw, 610px\" \/><\/figure>\n<\/div>\n\n\n<p class=\"has-text-align-left has-black-color has-text-color has-link-color wp-elements-12f55fb699e67da93da2bce6548d25e2\">Fran\u00e7ois Ren\u00e9 de La Tour du Pin Chambly, marquis de La Charce, \u00e9tait un officier et homme politique fran\u00e7ais, reconnu comme l&rsquo;un des pionniers du catholicisme social en France.<\/p>\n\n\n\n<p class=\"has-text-align-left\">Fils a\u00een\u00e9 d\u2019Humbert de La Tour du Pin, marquis de La Charce, et de Charlotte-Alexandrine de Maussion, Fran\u00e7ois-Ren\u00e9 provenait d&rsquo;une ancienne famille noble du Dauphin\u00e9, catholique et royaliste. En 1892, il \u00e9pousa sa cousine Marie-S\u00e9raphine de La Tour du Pin Montauban, avec qui il n&rsquo;eut pas d&rsquo;enfants.<\/p>\n\n\n\n<p class=\"has-text-align-left\">Il entra \u00e0 l&rsquo;\u00e9cole militaire de Saint-Cyr en 1852. En tant que jeune officier, il servit sous le Second Empire en Crim\u00e9e, en Italie et en Alg\u00e9rie, et participa \u00e0 la guerre contre la Prusse en 1870.<\/p>\n\n\n\n<p class=\"has-text-align-left\">En 1877, il fut nomm\u00e9 attach\u00e9 militaire en Autriche-Hongrie. \u00c0 Vienne, il fut influenc\u00e9 par le mouvement des catholiques sociaux autrichiens.<\/p>\n\n\n\n<p class=\"has-text-align-left\">En 1881, il d\u00e9missionna de l&rsquo;arm\u00e9e et se retira dans ses terres \u00e0 Arrancy, o\u00f9 il devint maire. Apr\u00e8s la mort du comte de Chambord en 1883, Ren\u00e9 de La Tour du Pin reporte sa loyaut\u00e9 royaliste au chef de la maison d&rsquo;Orl\u00e9ans, Philippe, comte de Paris.<\/p>\n\n\n\n<p class=\"has-text-align-left\">En 1892, il fit la connaissance du jeune Charles Maurras, alors r\u00e9publicain, et entama une correspondance avec lui qui dura jusqu&rsquo;\u00e0 sa mort. Une fois l&rsquo;Action fran\u00e7aise fond\u00e9e en 1899, Ren\u00e9 de La Tour du Pin y contribua activement. Entre 1904 et 1906, il publia trois \u00e9tudes dans la Revue grise de l&rsquo;Action fran\u00e7aise, portant sur la noblesse, la repr\u00e9sentation professionnelle et l&rsquo;organisation territoriale de la France. En 1907, il publia son ouvrage majeur, un recueil d&rsquo;articles intitul\u00e9 \u00ab\u00a0Vers un ordre social chr\u00e9tien\u00a0\u00bb, \u00e9crit \u00e0 partir de 1882.<\/p>\n\n\n\n<p class=\"has-text-align-left\">Les \u00e9crits de La Tour du Pin marqueront  le\u00a0G\u00e9n\u00e9ral de Gaulle. En\u00a01970,\u00a0Edmond Michelet, ministre des affaires culturelles du G\u00e9n\u00e9ral, faisait remarquer \u00e0 ce sujet\u00a0\u00ab\u00a0s\u2019il est un personnage que le g\u00e9n\u00e9ral de Gaulle conna\u00eet mieux que Marx, c\u2019est peut-\u00eatre le tr\u00e8s ignor\u00e9 aujourd\u2019hui Ren\u00e9 de La Tour du Pin\u00a0\u00bb.<\/p>\n\n\n\n<p><\/p>\n","protected":false},"excerpt":{"rendered":"<p>Fran\u00e7ois Ren\u00e9 de La Tour du Pin Chambly, marquis de La Charce, \u00e9tait un officier et homme politique fran\u00e7ais, reconnu comme l&rsquo;un des pionniers du catholicisme social en France. Fils a\u00een\u00e9 d\u2019Humbert de La Tour du Pin, marquis de La Charce, et de Charlotte-Alexandrine de Maussion, Fran\u00e7ois-Ren\u00e9 provenait d&rsquo;une ancienne famille noble du Dauphin\u00e9, catholique [&hellip;]<\/p>\n","protected":false},"author":1,"featured_media":0,"parent":0,"menu_order":0,"comment_status":"closed","ping_status":"closed","template":"","meta":{"ocean_post_layout":"","ocean_both_sidebars_style":"","ocean_both_sidebars_content_width":0,"ocean_both_sidebars_sidebars_width":0,"ocean_sidebar":"","ocean_second_sidebar":"","ocean_disable_margins":"enable","ocean_add_body_class":"","ocean_shortcode_before_top_bar":"","ocean_shortcode_after_top_bar":"","ocean_shortcode_before_header":"","ocean_shortcode_after_header":"","ocean_has_shortcode":"","ocean_shortcode_after_title":"","ocean_shortcode_before_footer_widgets":"","ocean_shortcode_after_footer_widgets":"","ocean_shortcode_before_footer_bottom":"","ocean_shortcode_after_footer_bottom":"","ocean_display_top_bar":"default","ocean_display_header":"default","ocean_header_style":"","ocean_center_header_left_menu":"","ocean_custom_header_template":"","ocean_custom_logo":0,"ocean_custom_retina_logo":0,"ocean_custom_logo_max_width":0,"ocean_custom_logo_tablet_max_width":0,"ocean_custom_logo_mobile_max_width":0,"ocean_custom_logo_max_height":0,"ocean_custom_logo_tablet_max_height":0,"ocean_custom_logo_mobile_max_height":0,"ocean_header_custom_menu":"","ocean_menu_typo_font_family":"","ocean_menu_typo_font_subset":"","ocean_menu_typo_font_size":0,"ocean_menu_typo_font_size_tablet":0,"ocean_menu_typo_font_size_mobile":0,"ocean_menu_typo_font_size_unit":"px","ocean_menu_typo_font_weight":"","ocean_menu_typo_font_weight_tablet":"","ocean_menu_typo_font_weight_mobile":"","ocean_menu_typo_transform":"","ocean_menu_typo_transform_tablet":"","ocean_menu_typo_transform_mobile":"","ocean_menu_typo_line_height":0,"ocean_menu_typo_line_height_tablet":0,"ocean_menu_typo_line_height_mobile":0,"ocean_menu_typo_line_height_unit":"","ocean_menu_typo_spacing":0,"ocean_menu_typo_spacing_tablet":0,"ocean_menu_typo_spacing_mobile":0,"ocean_menu_typo_spacing_unit":"","ocean_menu_link_color":"","ocean_menu_link_color_hover":"","ocean_menu_link_color_active":"","ocean_menu_link_background":"","ocean_menu_link_hover_background":"","ocean_menu_link_active_background":"","ocean_menu_social_links_bg":"","ocean_menu_social_hover_links_bg":"","ocean_menu_social_links_color":"","ocean_menu_social_hover_links_color":"","ocean_disable_title":"default","ocean_disable_heading":"default","ocean_post_title":"","ocean_post_subheading":"","ocean_post_title_style":"","ocean_post_title_background_color":"","ocean_post_title_background":0,"ocean_post_title_bg_image_position":"","ocean_post_title_bg_image_attachment":"","ocean_post_title_bg_image_repeat":"","ocean_post_title_bg_image_size":"","ocean_post_title_height":0,"ocean_post_title_bg_overlay":0.5,"ocean_post_title_bg_overlay_color":"","ocean_disable_breadcrumbs":"default","ocean_breadcrumbs_color":"","ocean_breadcrumbs_separator_color":"","ocean_breadcrumbs_links_color":"","ocean_breadcrumbs_links_hover_color":"","ocean_display_footer_widgets":"default","ocean_display_footer_bottom":"default","ocean_custom_footer_template":"","footnotes":""},"class_list":["post-712","page","type-page","status-publish","hentry","entry"],"_links":{"self":[{"href":"https:\/\/www.arrancy.fr\/index.php?rest_route=\/wp\/v2\/pages\/712","targetHints":{"allow":["GET"]}}],"collection":[{"href":"https:\/\/www.arrancy.fr\/index.php?rest_route=\/wp\/v2\/pages"}],"about":[{"href":"https:\/\/www.arrancy.fr\/index.php?rest_route=\/wp\/v2\/types\/page"}],"author":[{"embeddable":true,"href":"https:\/\/www.arrancy.fr\/index.php?rest_route=\/wp\/v2\/users\/1"}],"replies":[{"embeddable":true,"href":"https:\/\/www.arrancy.fr\/index.php?rest_route=%2Fwp%2Fv2%2Fcomments&post=712"}],"version-history":[{"count":6,"href":"https:\/\/www.arrancy.fr\/index.php?rest_route=\/wp\/v2\/pages\/712\/revisions"}],"predecessor-version":[{"id":813,"href":"https:\/\/www.arrancy.fr\/index.php?rest_route=\/wp\/v2\/pages\/712\/revisions\/813"}],"wp:attachment":[{"href":"https:\/\/www.arrancy.fr\/index.php?rest_route=%2Fwp%2Fv2%2Fmedia&parent=712"}],"curies":[{"name":"wp","href":"https:\/\/api.w.org\/{rel}","templated":true}]}}

RENÉ DE LA TOUR DU PIN

<div class="wp-block-image">
<figure class="aligncenter size-full is-resized"><img fetchpriority="high" decoding="async" width="610" height="800" src="http://www.arrancy.fr/wp-content/uploads/2024/07/24770284.jpg" alt="" class="wp-image-815" style="width:333px;height:auto" srcset="https://www.arrancy.fr/wp-content/uploads/2024/07/24770284.jpg 610w, https://www.arrancy.fr/wp-content/uploads/2024/07/24770284-229x300.jpg 229w" sizes="(max-width: 610px) 100vw, 610px" /></figure>
</div>


<p class="has-text-align-left has-black-color has-text-color has-link-color wp-elements-12f55fb699e67da93da2bce6548d25e2">François René de La Tour du Pin Chambly, marquis de La Charce, était un officier et homme politique français, reconnu comme l&rsquo;un des pionniers du catholicisme social en France.</p>



<p class="has-text-align-left">Fils aîné d’Humbert de La Tour du Pin, marquis de La Charce, et de Charlotte-Alexandrine de Maussion, François-René provenait d&rsquo;une ancienne famille noble du Dauphiné, catholique et royaliste. En 1892, il épousa sa cousine Marie-Séraphine de La Tour du Pin Montauban, avec qui il n&rsquo;eut pas d&rsquo;enfants.</p>



<p class="has-text-align-left">Il entra à l&rsquo;école militaire de Saint-Cyr en 1852. En tant que jeune officier, il servit sous le Second Empire en Crimée, en Italie et en Algérie, et participa à la guerre contre la Prusse en 1870.</p>



<p class="has-text-align-left">En 1877, il fut nommé attaché militaire en Autriche-Hongrie. À Vienne, il fut influencé par le mouvement des catholiques sociaux autrichiens.</p>



<p class="has-text-align-left">En 1881, il démissionna de l&rsquo;armée et se retira dans ses terres à Arrancy, où il devint maire. Après la mort du comte de Chambord en 1883, René de La Tour du Pin reporte sa loyauté royaliste au chef de la maison d&rsquo;Orléans, Philippe, comte de Paris.</p>



<p class="has-text-align-left">En 1892, il fit la connaissance du jeune Charles Maurras, alors républicain, et entama une correspondance avec lui qui dura jusqu&rsquo;à sa mort. Une fois l&rsquo;Action française fondée en 1899, René de La Tour du Pin y contribua activement. Entre 1904 et 1906, il publia trois études dans la Revue grise de l&rsquo;Action française, portant sur la noblesse, la représentation professionnelle et l&rsquo;organisation territoriale de la France. En 1907, il publia son ouvrage majeur, un recueil d&rsquo;articles intitulé « Vers un ordre social chrétien », écrit à partir de 1882.</p>



<p class="has-text-align-left">Les écrits de La Tour du Pin marqueront  le Général de Gaulle. En 1970, Edmond Michelet, ministre des affaires culturelles du Général, faisait remarquer à ce sujet « s’il est un personnage que le général de Gaulle connaît mieux que Marx, c’est peut-être le très ignoré aujourd’hui René de La Tour du Pin ».</p>



<p></p>

<p>François René de La Tour du Pin Chambly, marquis de La Charce, était un officier et homme politique français, reconnu comme l&rsquo;un des pionniers du catholicisme social en France. Fils aîné d’Humbert de La Tour du Pin, marquis de La Charce, et de Charlotte-Alexandrine de Maussion, François-René provenait d&rsquo;une ancienne famille noble du Dauphiné, catholique [&hellip;]</p>
